er when 855 is divided by 124.
111
What is the remainder when 112 is divided by 24?
16
Calculate the remainder when 273 is divided by 55.
53
Calculate the remainder when 1719 is divided by 144.
135
Calculate the remainder when 395 is divided by 16.
11
Calculate the remainder when 268 is divided by 60.
28
What is the remainder when 47 is divided by 13?
8
Calculate the remainder when 27 is divided by 10.
7
Calculate the remainder when 4588 is divided by 135.
133
What is the remainder when 461 is divided by 66?
65
Calculate the remainder when 253 is divided by 146.
107
What is the remainder when 70 is divided by 9?
7
What is the remainder when 309 is divided by 98?
15
Calculate the remainder when 51 is divided by 29.
22
What is the remainder when 920 is divided by 313?
294
Calculate the remainder when 131 is divided by 7.
5
What is the remainder when 799 is divided by 69?
40
What is the remainder when 154 is divided by 31?
30
Calculate the remainder when 644 is divided by 81.
77
Calculate the remainder when 3086 is divided by 53.
12
What is the remainder when 3310 is divided by 16?
14
Calculate the remainder when 218 is divided by 22.
20
What is the remainder when 141 is divided by 30?
21
What is the remainder when 986 is divided by 6?
2
Calculate the remainder when 1175 is divided by 30.
5
Calculate the remainder when 1706 is divided by 29.
24
Calculate the remainder when 234 is divided by 30.
24
Calculate the remainder when 201 is divided by 70.
61
Calculate the remainder when 1123 is divided by 23.
19
Calculate the remainder when 3287 is divided by 137.
136
Calculate the remainder when 1646 is divided by 17.
14
What is the remainder when 8173 is divided by 30?
13
What is the remainder when 166 is divided by 147?
19
What is the remainder when 93 is divided by 34?
25
Calculate the remainder when 227 is divided by 78.
71
What is the remainder when 1474 is divided by 103?
32
What is the remainder when 981 is divided by 71?
58
Calculate the remainder when 131 is divided by 115.
16
Calculate the remainder when 5 is divided by 4.
1
What is the remainder when 295 is divided by 114?
67
What is the remainder when 2928 is divided by 59?
37
What is the remainder when 49 is divided by 17?
15
Calculate the remainder when 188 is divided by 35.
13
What is the remainder when 187 is divided by 74?
39
Calculate the remainder when 612 is divided by 217.
178
Calculate the remainder when 474 is divided by 136.
66
What is the remainder when 11 is divided by 5?
1
Calculate the remainder when 9415 is divided by 8.
7
Calculate the remainder when 41 is divided by 8.
1
Calculate the remainder when 2606 is divided by 90.
86
What is the remainder when 128 is divided by 44?
40
What is the remainder when 1909 is divided by 158?
13
What is the remainder when 1702 is divided by 213?
211
What is the remainder when 649 is divided by 319?
11
What is the remainder when 978 is divided by 58?
50
Calculate the remainder when 4975 is divided by 63.
61
What is the remainder when 702 is divided by 19?
18
Calculate the remainder when 1897 is divided by 1860.
37
Calculate the remainder when 229 is divided by 26.
21
What is the remainder when 686 is divided by 69?
65
Calculate the remainder when 249 is divided by 24.
9
What is the remainder when 44351 is divided by 9?
8
What is the remainder when 1487 is divided by 257?
202
Calculate the remainder when 105 is divided by 83.
22
What is the remainder when 794 is divided by 9?
2
Calculate the remainder when 729 is divided by 117.
27
Calculate the remainder when 182 is divided by 81.
20
What is the remainder when 100 is divided by 7?
2
What is the remainder when 1519 is divided by 127?
122
What is the remainder when 3290 is divided by 89?
86
Calculate the remainder when 2913 is divided by 162.
159
Calculate the remainder when 683 is divided by 672.
11
Calculate the remainder when 251 is divided by 23.
21
What is the remainder when 1476 is divided by 10?
6
Calculate the remainder when 2134 is divided by 266.
6
What is the remainder when 110 is divided by 39?
32
Calculate the remainder when 6934 is divided by 126.
4
Calculate the remainder when 3653 is divided by 126.
125
Calculate the remainder when 359 is divided by 35.
9
Calculate the remainder when 1023 is divided by 1010.
13
Calculate the remainder when 2269 is divided by 175.
169
Calculate the remainder when 164 is divided by 55.
54
Calculate the remainder when 98 is divided by 51.
47
Calculate the remainder when 1302 is divided by 10.
2
What is the remainder when 342 is divided by 113?
3
What is the remainder when 385 is divided by 146?
93
What is the remainder when 388 is divided by 23?
20
Calculate the remainder when 79019 is divided by 15.
14
Calculate the remainder when 331 is divided by 37.
35
What is the remainder when 306 is divided by 133?
40
Calculate the remainder when 565 is divided by 158.
91
What is the remainder when 81 is divided by 79?
2
Calculate the remainder when 487 is divided by 98.
95
Calculate the remainder when 3041 is divided by 39.
38
What is the remainder when 11769 is divided by 214?
213
What is the remainder when 166 is divided by 24?
22
What is the remainder when 1826 is divided by 122?
118
What is the remainder when 1969 is divided by 292?
217
What is the remainder when 1084 is divided by 7?
6
What is the remainder when 906 is divided by 76?
70
Calculate the remainder when 2631 is divided by 8.
7
Calculate the remainder when 29 is divided by 6.
5
Calculate the remainder when 574 is divided by 138.
22
Calculate the remainder when 1758 is divided by 88.
86
What is the remainder when 1146 is divided by 82?
80
What is the remainder when 81 is divided by 16?
1
What is the remainder when 296 is divided by 291?
5
Calculate the remainder when 260 is divided by 85.
5
Calculate the remainder when 319 is divided by 138.
43
Calculate the remainder when 93 is divided by 46.
1
Calculate the remainder when 9356 is divided by 130.
126
Calculate the remainder when 449 is divided by 109.
13
Calculate the remainder when 1124 is divided by 125.
124
What is the remainder when 5580 is divided by 42?
36
Calculate the remainder when 169 is divided by 60.
49
What is the remainder when 29 is divided by 12?
5
Calculate the remainder when 572 is divided by 14.
12
What is the remainder when 391 is divided by 16?
7
Calculate the remainder when 191 is divided by 99.
92
Calculate the remainder when 329 is divided by 6.
5
Calculate the remainder when 801 is divided by 266.
3
What is the remainder when 21 is divided by 6?
3
Calculate the remainder when 40 is divided by 17.
6
What is the remainder when 818 is divided by 88?
26
Calculate the remainder when 878 is divided by 6.
2
What is the remainder when 1484 is divided by 99?
98
Calculate the remainder when 53 is divided by 8.
5
Calculate the remainder when 6730 is divided by 17.
15
Calculate the remainder when 764 is divided by 112.
92
What is the remainder when 11374 is divided by 25?
24
What is the remainder when 77 is divided by 18?
5
What is the remainder when 300 is divided by 18?
12
What is the remainder when 40596 is divided by 383?
381
What is the remainder when 181 is divided by 49?
34
Calculate the remainder when 151 is divided by 84.
67
What is the remainder when 987 is divided by 35?
7
Calculate the remainder when 948 is divided by 241.
225
What is the remainder when 95 is divided by 41?
13
What is the remainder when 119 is divided by 27?
11
Calculate the remainder when 1793 is divided by 513.
254
What is the remainder when 92 is divided by 61?
31
What is the remainder when 239 is divided by 229?
10
What is the remainder when 84 is divided by 47?
37
What is the remainder when 171 is divided by 80?
11
What is the remainder when 1159 is divided by 191?
13
Calculate the remainder when 103 is divided by 39.
25
Calculate the remainder when 827 is divided by 92.
91
Calculate the remainder when 37326 is divided by 69.
66
What is the remainder when 1503 is divided by 300?
3
What is the remainder when 141 is divided by 113?
28
Calculate the remainder when 1157 is divided by 19.
17
What is the remainder when 6634 is divided by 7?
5
What is the remainder when 375 is divided by 47?
46
Calculate the remainder when 776 is divided by 17.
